{"id":848,"date":"2024-03-26T10:54:02","date_gmt":"2024-03-26T10:54:02","guid":{"rendered":"http:\/\/strefaelewacji.pl\/?post_type=product&#038;p=848"},"modified":"2024-06-03T15:33:21","modified_gmt":"2024-06-03T15:33:21","slug":"farbaelewacyjnazdodatkiemsylikonu","status":"publish","type":"product","link":"https:\/\/strefaelewacji.pl\/old\/produkt\/farbaelewacyjnazdodatkiemsylikonu\/","title":{"rendered":"Farba elewacyjna z dodatkiem sylikonu"},"content":{"rendered":"<p><span style=\"color: #666666; font-family: Open Sans, Arial, sans-serif;\">Farba silikonowa to specjalny rodzaj farby, kt\u00f3ry zawiera w swoim sk\u0142adzie cz\u0105steczki silikonu. Dzi\u0119ki temu ma wiele zalet, kt\u00f3re sprawiaj\u0105, \u017ce jest idealna do malowania elewacji. Przede wszystkim, farba silikonowa jest bardzo elastyczna, co oznacza, \u017ce mo\u017ce si\u0119 rozci\u0105ga\u0107 i kurczy\u0107 wraz z ruchami budynku. Dzi\u0119ki temu nie p\u0119ka i nie odpryskuje, co jest cz\u0119stym problemem przy tradycyjnych farbach. Ponadto, farba silikonowa jest r\u00f3wnie\u017c wodoodporna, co oznacza, \u017ce skutecznie chroni elewacj\u0119 przed wilgoci\u0105 i deszczem. To wa\u017cne, poniewa\u017c wilgo\u0107 mo\u017ce powodowa\u0107 powstawanie grzyb\u00f3w i ple\u015bni na elewacji, co nie tylko psuje estetyk\u0119, ale tak\u017ce mo\u017ce by\u0107 szkodliwe dla zdrowia.<\/span><\/p>\n<p>Farba silikonowa ma wiele korzy\u015bci, takich jak:<\/p>\n<p>D\u0142ugotrwa\u0142a ochrona: Zapewnia elewacji d\u0142ugotrwa\u0142\u0105 ochron\u0119 przed niekorzystnymi warunkami atmosferycznymi, takimi jak deszcz, \u015bnieg, mr\u00f3z czy promieniowanie UV.<\/p>\n<p><span style=\"color: #666666; font-family: Open Sans, Arial, sans-serif;\">Odporno\u015b\u0107 na zabrudzenia: Elewacja jest \u0142atwa do utrzymania w czysto\u015bci, poniewa\u017c farba jest odporna na zabrudzenia. Wystarczy umy\u0107 j\u0105 wod\u0105 i delikatnym detergentem, aby odzyska\u0107 jej pierwotny wygl\u0105d.<\/span><\/p>\n<p><span style=\"color: #666666; font-family: Open Sans, Arial, sans-serif;\">Bogata gama kolor\u00f3w: Farba jest dost\u0119pna w szerokim zakresie kolor\u00f3w, co pozwala dopasowa\u0107 wygl\u0105d elewacji do indywidualnych preferencji.<\/span><\/p>\n<p><span style=\"color: #666666; font-family: Open Sans, Arial, sans-serif;\">Samoczyszcz\u0105ce w\u0142a\u015bciwo\u015bci: Niekt\u00f3re farby silikonowe posiadaj\u0105 w\u0142a\u015bciwo\u015bci samoczyszcz\u0105ce, co u\u0142atwia utrzymanie elewacji w czysto\u015bci.<\/span><\/p>\n","protected":false},"excerpt":{"rendered":"<p><span style=\"color: #666666; font-family: Open Sans, Arial, sans-serif;\">Farba silikonowa to specjalny rodzaj farby, kt\u00f3ry zawiera w swoim sk\u0142adzie cz\u0105steczki silikonu. Dzi\u0119ki temu ma wiele zalet, kt\u00f3re sprawiaj\u0105, \u017ce jest idealna do malowania elewacji. Przede wszystkim, farba silikonowa jest bardzo elastyczna, co oznacza, \u017ce mo\u017ce si\u0119 rozci\u0105ga\u0107 i kurczy\u0107 wraz z ruchami budynku. Dzi\u0119ki temu nie p\u0119ka i nie odpryskuje, co jest cz\u0119stym problemem przy tradycyjnych farbach. Ponadto, farba silikonowa jest r\u00f3wnie\u017c wodoodporna, co oznacza, \u017ce skutecznie chroni elewacj\u0119 przed wilgoci\u0105 i deszczem. To wa\u017cne, poniewa\u017c wilgo\u0107 mo\u017ce powodowa\u0107 powstawanie grzyb\u00f3w i ple\u015bni na elewacji, co nie tylko psuje estetyk\u0119, ale tak\u017ce mo\u017ce by\u0107 szkodliwe dla zdrowia.<\/span><\/p>\n<p>&nbsp;<\/p>\n","protected":false},"featured_media":1167,"comment_status":"open","ping_status":"closed","template":"","meta":[],"product_cat":[15,60,61,59],"product_tag":[],"_links":{"self":[{"href":"https:\/\/strefaelewacji.pl\/old\/wp-json\/wp\/v2\/product\/848"}],"collection":[{"href":"https:\/\/strefaelewacji.pl\/old\/wp-json\/wp\/v2\/product"}],"about":[{"href":"https:\/\/strefaelewacji.pl\/old\/wp-json\/wp\/v2\/types\/product"}],"replies":[{"embeddable":true,"href":"https:\/\/strefaelewacji.pl\/old\/wp-json\/wp\/v2\/comments?post=848"}],"wp:featuredmedia":[{"embeddable":true,"href":"https:\/\/strefaelewacji.pl\/old\/wp-json\/wp\/v2\/media\/1167"}],"wp:attachment":[{"href":"https:\/\/strefaelewacji.pl\/old\/wp-json\/wp\/v2\/media?parent=848"}],"wp:term":[{"taxonomy":"product_cat","embeddable":true,"href":"https:\/\/strefaelewacji.pl\/old\/wp-json\/wp\/v2\/product_cat?post=848"},{"taxonomy":"product_tag","embeddable":true,"href":"https:\/\/strefaelewacji.pl\/old\/wp-json\/wp\/v2\/product_tag?post=848"}],"curies":[{"name":"wp","href":"https:\/\/api.w.org\/{rel}","templated":true}]}}